 + -6 + 2)?
-21
Evaluate -11 - -20 - (-7 - 1 - -1).
16
What is -5 + (-1 - (2 + (-11 - -4)))?
-1
What is the value of 25 + -8 - (25 + 4)?
-12
Calculate 21 + (-40 + -16 - -31).
-4
What is the value of ((-5 - 4) + 3 - 4) + 8?
-2
Evaluate (-28 - (-5 + 2) - -2) + 7 + 4.
-12
-12 + 14 + -5 + -5 - (1 + -4)
-5
Calculate -15 - (20 - (-19 - -27) - 12).
-15
Calculate -94 + 94 - (-2 + -9 + 0).
11
Calculate -15 - (13 - (8 + -4 + 12)).
-12
Evaluate -38 - (11 + -92 + 12).
31
(30 - 21) + -7 + 1 + -4 + 8
7
What is the value of -2 - (1 + 8 + -4 + 0)?
-7
(19 - (0 + 0)) + 79 + -88
10
Evaluate 1 + (-17 - (1 + -5)) - (-1 + -1).
-10
16 + 1 - (2 - -1 - (66 - 53))
27
Calculate -1 + 6 + -5 + 3.
3
-14 + 25 + -11 + 0
0
Calculate 8 + -5 + 6 - 17.
-8
Calculate -22 + 23 + -4 + -11.
-14
What is -11 - (0 + -7) - -10 - -4?
10
Evaluate 2478 - 2488 - ((-1 - 4 - -2) + 2).
-9
Evaluate (75 - 95) + (3 - (-6 - 0)).
-11
Calculate -9 + 4 - 4 - (14 + -34 + 10).
1
What is the value of 2 + 5 + (50 - 41)?
16
Calculate -14 - (-2 + -2 - (-80 + 90)).
0
(45 - 50) + -1 + 2 - -11
7
What is the value of (2 - 30) + 1 + 17 + -7 + -6?
-23
-31 - -3 - (-8 + -10)
-10
What is 7 - ((-5 - -14) + -12 + 8 + -1)?
3
What is -6 + (11 - 12) + -9 + 21?
5
Calculate 120 - 96 - (1 + 14).
9
Evaluate 9 + -12 + -9 - -18.
6
What is the value of 13 + (15 - 12) + -3?
13
Evaluate (21 - (17 + -13 - (3 - 5))) + 7.
22
Evaluate (-41 - (-3 - 3)) + 27 + -26.
-34
What is (-2 - (2 - 5) - (-10 - 4)) + -6?
9
14 - (14 + (0 + 6 - -30))
-36
What is (-2 - (1 + 12)) + 11?
-4
What is the value of (-1 - -5) + 0 + -2 + 11?
13
What is 3 + -8 - (0 + (4 - 13))?
4
-2 - (10 - (4 - (-29 + 8)))
13
Evaluate 0 - 0 - 11 - (494 - 501).
-4
Calculate -12 - (-23 + 16) - (6 + (0 - -2)).
-13
Calculate -14 + (-10 - 9) + 52.
19
What is the value of 141 - 136 - (4 + -3 + -2 + 35)?
-29
Evaluate 0 - (-35 + 26 + 8).
1
What is the value of -35 - (-24 + -5) - (1 + -18) - 2?
9
Calculate -40 + (11 + -3 - (-18 - -24)) + 4.
-34
-21 + 15 + 6 + (-2 - 4)
-6
Evaluate (37 - 28) + -4 + -2 + -3.
0
Evaluate (-19 - -27) + (-1 - (-3 - -3)).
7
What is -16 + 1 + 4 + -1 + -3 + 2?
-13
What is -2 + (-4 - (-6 + (10 - 6) - -9))?
-13
What is the value of -2 - ((-12 - -17 - 4) + (-4 - 2))?
3
What is the value of 2 - (-8 + 32 + -18)?
-4
Evaluate 1 + (7 + 5 - (1 + -3)).
15
What is the value of 6 - (0 - -26 - 13)?
-7
39 - (9 + 77 - 24)
-23
Evaluate (-5 - 1) + 3 + -3 + -99 + 98.
-7
Calculate 186 + -174 + 1 + -20.
-7
What is the value of (0 - (1 + -5)) + (-21 - 0) - -4?
-13
What is the value of -19 + -14 + 17 + 6?
-10
12 + -3 - (1 + (9 - 6)) - 14
-9
Evaluate 2 - -5 - (93 - 40 - 42).
-4
Evaluate -24 + 42 + (-7 - 13).
-2
Evaluate (6 - 8) + 6 + 0 + (-2 - -9).
11
(0 - -5) + -2 + 1 + 6
10
-16 - (-15 + (-4 - -10))
-7
Evaluate 7 + (6 - (2 - (4 + -9))).
6
Evaluate 42 + (-9 - -12) + -9 - 12.
24
3 + -6 + -5 + 2 - -18
12
What is the value of (1 - -7) + (155 - 170)?
-7
What is (3 - -2 - 1) + (-294 - -299)?
9
What is the value of (-2 - 0) + 19 + -19 - 6?
-8
Calculate (18 - 32) + (-5 - 0) + 3.
-16
What is 7 - (16 - 10 - (7 - 2 - 3))?
3
(3 - 2) + (7 - (-1 + 10) - -17)
16
What is (10 - -3) + (-14 - -2)?
1
What is the value of 0 - -16 - (9 - 7)?
14
Evaluate (1 - 2) + (20 - (-1 + 16)).
4
Calculate 300 - 307 - (4 - (8 + -3)).
-6
What is (41 - 43) + -1 + -3 - 7?
-13
Calculate 18 + (15 - (-12 - -17)).
28
What is -27 + -9 + 23 - -14?
1
What is the value of (2 - 5) + 8 + -11 + 1 + -2?
-7
Evaluate 18 - (6 - -25 - 6).
-7
Evaluate -10 + (43 - 1) + -12 + -5.
15
-7 + 15 - 1 - (13 + 5)
-11
Evaluate -13 + 16 + 8 + -15.
-4
What is (-4 + -11 - -20) + -16?
-11
Evaluate -4 + 13 + (-7 - -7) + -3 + -4.
2
Evaluate -39 + 2 - (7 + -31).
-13
24 - (-12 + -6) - 28
14
(36 - 1) + (0 - (12 - 5))
28
Evaluate 55 + -10 + (-5 - 7) + -7.
26
-7 - ((0 - 0) + -1 - (6 + -9))
-9
Evaluate -4 - -2 - (14 - 1 - -9 - 0).
-24
4 + (0 + 3 - 2) + -41 + 35
-1
What is -7 - ((11 - 29) + 10)?
1
Calculate 0 + -1 - (-52 + 50 + -10 + 3).
8
Evaluate -10 - (9 - 12 - 2).
-5
What is the value of -8 + 12 + -12 + -1 + -4?
-13
Calculate (-4 - -21 - 39) + 8.
-14
What is the value of 33 + -17 + -7 - ((-3 - -3) + 4)?
5
-24 + (-11 - -11) + 9 + -5
-20
What is 3 - ((0 - 4 - -12) + 12 + -19)?
2
What is -28 - -30 - 6 - -24?
20
What is the value of (-2 - (0 - -1)) + (72 - 82)?
-13
Evaluate 0 - (-1 + -8) - (-251 - -252).
8
Evaluate -22 + 22 + 4 + (2 - (-1 - 0)).
7
Evaluate -2 - (-22 - -13 - 5).
12
Evaluate -5 - (3 + 1 - ((6 - -22) + -4)).
15
Calculate (-3 - (-5 + -1) - 2) + -1 - -4.
4
Calculate (-17 + 21 - (11 - 1) - -11) + -2.
3
What is the value of (-18 - (0 + 3) - -3) + (-515 - -524)?
-9
6 - (22 - (-6 - -8 - 7 - -7))
-14
Evaluate -43 + (21 - -14) - (0 + -1 + -13).
6
Evaluate -16 - (-1 + (-8 - -11) + 1) - -1.
-18
What is -21 - ((2 - 2) + (-12 - -9))?
-18
5 - (-4 + (-5 - (-9 - (11 + -4))))
-2
-3 - (15 + -5 + -24)
11
Evaluate 14 - (-26 + 56 - 5).
-11
What is (20 - (-6 - (0 + -7))) + 1?
20
Calculate 7 + 0 - (-38 + 35 - 4).
14
10 + (-8 - -9 - (-1 + 5) - -20)
27
-3 + (-6 - -4) + -2
-7
Evaluate -1 + 0 + -1 + 10 + 3 - -6.
17
Calculate (11 - 11) + -15 - -27.
12
Calculate -5 + 2 + (-25 - -65) + -12.
25
What is 35 + -5 + -23 + (6 - 1)?
12
What is -26 - -31 - (0 + 0) - -3 - 14?
-6
What is 1 + -5 - ((31 - 67) + 32)?
0
Calculate 57 + -55 + 32 + -16.
18
Calculate -7 + 2 + (0 - -22) + -51 + 47.
13
What is (12 - 8) + (-18 - (-9 - -5))?
-10
Calculate -11 - 0 - (25 - 1 - 15).
-20
1 + 3 - ((-6 + 13 - 0) + -1)
-2
What is 7 - ((2 - 0) + (4 - (16 - 1)))?
16
What is the value of (1 - 9) + (-25 - -36)?
3
17 + -18 + -7 + 16 + -4 + 4
8
Calculate -2 + 2 + -4 + 0 - (2 + -5).
-1
What is the value of 5 + 11 + -8 - (-2 + 4) - 3?
3
-5 + 2 - -8 - -1
6
What is -3 + (-2 + 2 - -8) + 0 + -3?
2
Calculate 2 + 2 + 0 + (-3 + 9 - 0).
10
Evaluate 5 - 3 - 15 - -25.
12
Calculate 85 + -97 + (-2 - 0 - -5) + -6.
-15
Calculate (-12 - 0) + -7 + 13 + -5.
-11
Evaluate 4 - ((12 - 8 - 4) + 1 + 4).
-1
Evaluate (-32 - -27) + (-8 - (4 - 8 - -1)).
-10
12 + -16 + (13 - -2) + 4 + 1
16
What is -18 + 11 - ((2 - -10) + 6)?
-25
Evaluate (-3 - -2) + (-1 - -12) + -5 + 3.
8
Calculate 24 - -1 - (13 - (9 + 11 + -9)).
23
What is the value of (-8 - -1) + 0 - (-6 + -6 + -1)?
6
-23 + -35 + 18 - (-7 - -1)
-34
-25 - (-32 - -17 - 16)
6
What is the value of 2 + -1 - (816 + -795)?
-20
Calculate (23 - (-2 - -3)) + (-690 - -690).
22
Evaluate 0 + 1 + 44 + -51 + 2 + 3.
-1
(-5 - (-9 - -33 - 15)) + 11
-3
Evaluate 3 - (2 - (3 + -1)) - (-11 + 12).
2
(24 - 74) + 22 + 0
-28
-1 - 3 - (-55 - -44)
7
(-3 - -11) + -8 + (-4 - -4)
0
10 - (-6 + 6) - (-30 + 53)
-13
What is the value of (11 - 44 - (-1 - 4)) + (7 - -1)?
-20
What is the value of -6 + (-5 + 4 - 1) + 9 + -3?
-2
0 - ((27 - 2 - 14) + 12)
-23
What is the value of -5 + (-7 + 34 - 14) - 28?
-20
-13 - (4 + (-14 - (-1 + 8)))
4
Calculate -23 + 16 + (-14 - -26) + 1.
6
What is the value of (2 + 2 - 23) + 30?
11
What is ((-1 - -3) + -7 - -11) + -11 - -4?
-1
3 - (-3 + 2) - (-4 - -7)
1
What is 9 - (-3 + 3) - 6 - (0 + 13)?
-10
Calculate (-9 + 17 - -8) + -24.
-8
Evaluate 2 + (9 - (-6 - -1)) + -2 + -4.
10
Evaluate 0 + (14 - (33 - 16 - 6)).
3
What is (-22 + 20 + -26 - -8) + 58?
38
Evaluate (0 - -1) + -48 + -3 + 14.
-36
(8 - 3) + 7 - (-1 + 27 + 7)
-21
What is -2 - (-29 + 2) - 9 - 8 - -10?
18
Evaluate 0 + 7 + (-23 - -32) - (3 + 0).
13
Calculate (3 - (-4 - 1)) + (-1 - -4).
11
Evaluate 6 + -14 + 17 - 18.
-9
Calculate (-16 - (-8 + 5)) + -19 - -10.
-22
What is -35 - -37 - 13 - -26?
15
What is the value of -1 + 11 + -8 + -4 - -2?
0
What is -17 + (31 - 24) + 8?
-2
Evaluate 1 + -19 + 3 + -1 + (-9 - -10).
-15
Calculate -5 - (-28 + (63 - 35)).
-5
Calculate -4 + -10 + 3 + (-21 - -77 - 13).
32
0 + 2 + 0 - ((33 - 36) + 15)
-10
What is (-37 - 5 - -48) + 0 + 11?
17
What is 7 - (-8 + 18 - 13 - 2)?
12
What is (5 - 18) + -6 + -4 - -5?
-18
(-1 + -1 - (2 - 1)) + (-21 - -18)
-6
What is the value of -16 + 11 - -6 - 6?
-5
(-14 - -8 - -8 - 12) + 9
-1
Evaluate (10 - (5 - 3)) + 1 + -3 + -18.
-12
31 + (-1 - 45) + 3
-12
Calculate -43 + 34 - -18 - 32.
-23
Calculate -1327 + 1373 + -35 + -1.
10
Evaluate -8 + (-4 - (-16 - -7)) + 8.
5
What is the value of (4 - 1 - -2) + -12 + -10 + 11?
-6
What is 9 - ((2 - (7 + -5)) + 16)?
-7
3 - (0 - 0 - (15 - -6 - 30))
-6
What is (3 - 4) + 3 - (1 + 10)?
-9
What is the value of -2 + 0 + -44 + 28 + (12 - 9)?
-15
Calculat